Calculate the remainder when 1898 is divided by 78.
26
Calculate the remainder when 791 is divided by 273.
245
Calculate the remainder when 87 is divided by 38.
11
What is the remainder when 123 is divided by 26?
19
What is the remainder when 9131 is divided by 2280?
11
Calculate the remainder when 12604 is divided by 22.
20
Calculate the remainder when 9535 is divided by 45.
40
What is the remainder when 57 is divided by 14?
1
What is the remainder when 4113 is divided by 84?
81
What is the remainder when 103 is divided by 18?
13
Calculate the remainder when 88 is divided by 37.
14
Calculate the remainder when 970 is divided by 44.
2
What is the remainder when 468 is divided by 120?
108
What is the remainder when 76 is divided by 26?
24
Calculate the remainder when 1418 is divided by 57.
50
Calculate the remainder when 339 is divided by 18.
15
Calculate the remainder when 2357 is divided by 1177.
3
What is the remainder when 6218 is divided by 49?
44
Calculate the remainder when 458 is divided by 59.
45
What is the remainder when 1690 is divided by 48?
10
Calculate the remainder when 135 is divided by 28.
23
Calculate the remainder when 2055 is divided by 677.
24
Calculate the remainder when 2336 is divided by 2331.
5
Calculate the remainder when 224 is divided by 77.
70
Calculate the remainder when 346 is divided by 50.
46
What is the remainder when 2911 is divided by 26?
25
Calculate the remainder when 625 is divided by 11.
9
Calculate the remainder when 204 is divided by 102.
0
Calculate the remainder when 5561 is divided by 103.
102
What is the remainder when 259 is divided by 55?
39
Calculate the remainder when 167 is divided by 53.
8
Calculate the remainder when 6109 is divided by 34.
23
Calculate the remainder when 246 is divided by 45.
21
What is the remainder when 282 is divided by 13?
9
What is the remainder when 75 is divided by 8?
3
Calculate the remainder when 863 is divided by 147.
128
Calculate the remainder when 91 is divided by 5.
1
What is the remainder when 101 is divided by 22?
13
Calculate the remainder when 1943 is divided by 54.
53
What is the remainder when 520 is divided by 226?
68
What is the remainder when 265 is divided by 45?
40
Calculate the remainder when 82 is divided by 12.
10
Calculate the remainder when 137 is divided by 34.
1
What is the remainder when 377 is divided by 48?
41
Calculate the remainder when 259 is divided by 26.
25
Calculate the remainder when 3558 is divided by 5.
3
What is the remainder when 83 is divided by 26?
5
Calculate the remainder when 150 is divided by 3.
0
What is the remainder when 238 is divided by 118?
2
What is the remainder when 70 is divided by 2?
0
What is the remainder when 202 is divided by 72?
58
Calculate the remainder when 165 is divided by 22.
11
What is the remainder when 4524 is divided by 31?
29
What is the remainder when 49 is divided by 10?
9
Calculate the remainder when 23484 is divided by 35.
34
Calculate the remainder when 194 is divided by 16.
2
What is the remainder when 45 is divided by 5?
0
What is the remainder when 4016 is divided by 13?
12
Calculate the remainder when 153 is divided by 43.
24
What is the remainder when 7499 is divided by 30?
29
What is the remainder when 6 is divided by 5?
1
What is the remainder when 628 is divided by 21?
19
What is the remainder when 89 is divided by 22?
1
Calculate the remainder when 508 is divided by 30.
28
Calculate the remainder when 47 is divided by 17.
13
What is the remainder when 36 is divided by 25?
11
Calculate the remainder when 385 is divided by 133.
119
What is the remainder when 1108 is divided by 10?
8
Calculate the remainder when 263 is divided by 53.
51
What is the remainder when 922 is divided by 11?
9
Calculate the remainder when 218 is divided by 74.
70
What is the remainder when 41 is divided by 37?
4
Calculate the remainder when 221 is divided by 74.
73
What is the remainder when 205 is divided by 86?
33
What is the remainder when 1113 is divided by 19?
11
What is the remainder when 242 is divided by 5?
2
Calculate the remainder when 724 is divided by 104.
100
Calculate the remainder when 1352 is divided by 224.
8
Calculate the remainder when 42 is divided by 16.
10
What is the remainder when 488 is divided by 132?
92
What is the remainder when 148 is divided by 8?
4
Calculate the remainder when 23 is divided by 8.
7
What is the remainder when 557 is divided by 28?
25
What is the remainder when 99 is divided by 60?
39
Calculate the remainder when 78 is divided by 67.
11
Calculate the remainder when 3301 is divided by 38.
33
What is the remainder when 3741 is divided by 32?
29
What is the remainder when 590 is divided by 32?
14
What is the remainder when 2700 is divided by 26?
22
Calculate the remainder when 1495 is divided by 224.
151
Calculate the remainder when 384 is divided by 191.
2
What is the remainder when 2615 is divided by 520?
15
Calculate the remainder when 1359 is divided by 20.
19
Calculate the remainder when 28 is divided by 24.
4
What is the remainder when 177 is divided by 53?
18
What is the remainder when 273 is divided by 46?
43
Calculate the remainder when 2042 is divided by 66.
62
What is the remainder when 260 is divided by 160?
100
What is the remainder when 8317 is divided by 64?
61
Calculate the remainder when 529 is divided by 53.
52
What is the remainder when 73 is divided by 37?
36
Calculate the remainder when 196 is divided by 192.
4
Calculate the remainder when 8818 is divided by 315.
313
Calculate the remainder when 1071 is divided by 353.
12
What is the remainder when 673 is divided by 75?
73
Calculate the remainder when 23 is divided by 13.
10
Calculate the remainder when 822 is divided by 264.
30
Calculate the remainder when 159 is divided by 51.
6
What is the remainder when 99 is divided by 19?
4
What is the remainder when 1133 is divided by 564?
5
What is the remainder when 251 is divided by 52?
43
What is the remainder when 38 is divided by 14?
10
Calculate the remainder when 53198 is divided by 14.
12
Calculate the remainder when 1223 is divided by 49.
47
Calculate the remainder when 218 is divided by 22.
20
Calculate the remainder when 733 is divided by 203.
124
Calculate the remainder when 7226 is divided by 329.
317
What is the remainder when 145 is divided by 17?
9
Calculate the remainder when 882 is divided by 19.
8
What is the remainder when 7278 is divided by 104?
102
What is the remainder when 92 is divided by 52?
40
Calculate the remainder when 32 is divided by 2.
0
What is the remainder when 582 is divided by 53?
52
What is the remainder when 488 is divided by 45?
38
Calculate the remainder when 332 is divided by 107.
11
What is the remainder when 869 is divided by 77?
22
Calculate the remainder when 751 is divided by 142.
41
What is the remainder when 268 is divided by 17?
13
Calculate the remainder when 636 is divided by 123.
21
What is the remainder when 148 is divided by 57?
34
Calculate the remainder when 107 is divided by 16.
11
Calculate the remainder when 3023 is divided by 48.
47
Calculate the remainder when 1060 is divided by 80.
20
What is the remainder when 157 is divided by 12?
1
What is the remainder when 606 is divided by 122?
118
What is the remainder when 720 is divided by 81?
72
Calculate the remainder when 3102 is divided by 8.
6
Calculate the remainder when 5781 is divided by 40.
21
Calculate the remainder when 130 is divided by 60.
10
Calculate the remainder when 1893 is divided by 100.
93
Calculate the remainder when 672 is divided by 339.
333
What is the remainder when 891 is divided by 47?
45
Calculate the remainder when 212 is divided by 46.
28
Calculate the remainder when 14107 is divided by 96.
91
Calculate the remainder when 393 is divided by 16.
9
Calculate the remainder when 146 is divided by 50.
46
Calculate the remainder when 517 is divided by 52.
49
Calculate the remainder when 18937 is divided by 66.
61
Calculate the remainder when 3621 is divided by 145.
141
What is the remainder when 3386 is divided by 11?
9
Calculate the remainder when 749 is divided by 72.
29
Calculate the remainder when 405 is divided by 6.
3
Calculate the remainder when 679 is divided by 84.
7
Calculate the remainder when 106 is divided by